e
Does 21 divide 38301?
False
Is 12 a factor of 180?
True
Is 70 a factor of 32992?
False
Is 5894 a multiple of 284?
False
Is 40 a factor of 1558?
False
Is 6526 a multiple of 13?
True
Does 36 divide 381?
False
Is 10 a factor of 757?
False
Does 14 divide 210?
True
Does 2 divide 139?
False
Is 327 a multiple of 3?
True
Is 53 a factor of 3604?
True
Does 7 divide 19432?
True
Is 29 a factor of 1102?
True
Is 167 a multiple of 21?
False
Is 16 a factor of 18608?
True
Is 28 a factor of 7420?
True
Is 20 a factor of 3900?
True
Is 15 a factor of 14335?
False
Does 10 divide 210?
True
Is 325 a multiple of 8?
False
Is 1254 a multiple of 3?
True
Is 3 a factor of 162?
True
Does 141 divide 34344?
False
Does 101 divide 881?
False
Does 191 divide 4011?
True
Is 49 a factor of 96400?
False
Does 129 divide 13882?
False
Does 41 divide 13756?
False
Is 4034 a multiple of 14?
False
Is 66 a factor of 7019?
False
Does 25 divide 26604?
False
Is 1417 a multiple of 11?
False
Is 25100 a multiple of 10?
True
Does 14 divide 14?
True
Does 306 divide 40427?
False
Is 3562 a multiple of 29?
False
Does 17 divide 2382?
False
Is 13 a factor of 600?
False
Does 33 divide 495?
True
Is 15 a factor of 58395?
True
Is 442 a multiple of 55?
False
Is 1276 a multiple of 44?
True
Does 24 divide 15624?
True
Is 122 a factor of 6548?
False
Is 7552 a multiple of 59?
True
Is 870 a multiple of 4?
False
Does 9 divide 2798?
False
Is 42 a factor of 12222?
True
Is 1492 a multiple of 13?
False
Is 2200 a multiple of 22?
True
Does 3 divide 336?
True
Is 4867 a multiple of 31?
True
Does 9 divide 2662?
False
Is 182 a multiple of 7?
True
Is 12581 a multiple of 115?
False
Is 15 a factor of 2762?
False
Does 27 divide 324?
True
Is 19 a factor of 212?
False
Is 671 a multiple of 61?
True
Does 15 divide 95565?
True
Is 30 a factor of 363?
False
Is 32 a factor of 160?
True
Is 1809 a multiple of 27?
True
Does 15 divide 29028?
False
Is 17 a factor of 544?
True
Does 4 divide 974?
False
Is 111 a factor of 4253?
False
Does 7 divide 2744?
True
Is 53 a factor of 2353?
False
Is 2 a factor of 224?
True
Is 139975 a multiple of 11?
True
Does 38 divide 435?
False
Is 8 a factor of 273?
False
Is 22 a factor of 4028?
False
Is 20 a factor of 15370?
False
Is 971 a multiple of 35?
False
Is 5 a factor of 3840?
True
Is 40340 a multiple of 224?
False
Is 19 a factor of 645?
False
Is 2046 a multiple of 107?
False
Is 169 a factor of 85514?
True
Does 51 divide 204525?
False
Is 2233 a multiple of 221?
False
Is 15 a factor of 14895?
True
Is 6 a factor of 4518?
True
Does 13 divide 585?
True
Is 3676 a multiple of 18?
False
Is 1893 a multiple of 21?
False
Is 72 a factor of 10296?
True
Is 8 a factor of 2848?
True
Does 4 divide 719?
False
Is 736 a multiple of 3?
False
Is 38 a factor of 26057?
False
Is 12 a factor of 8572?
False
Is 56 a factor of 2128?
True
Is 6718 a multiple of 35?
False
Is 472 a multiple of 7?
False
Is 57 a factor of 13281?
True
Is 53159 a multiple of 53?
True
Is 11 a factor of 1793?
True
Is 50 a factor of 87?
False
Is 2768 a multiple of 155?
False
Does 140 divide 18480?
True
Does 9 divide 1613?
False
Does 12 divide 25658?
False
Is 1705 a multiple of 40?
False
Is 379 a multiple of 17?
False
Does 6 divide 1296?
True
Is 12 a factor of 624?
True
Is 9726 a multiple of 11?
False
Does 94 divide 152?
False
Does 49 divide 17346?
True
Is 136 a multiple of 17?
True
Is 564 a multiple of 6?
True
Is 5 a factor of 245?
True
Is 380 a multiple of 10?
True
Is 11 a factor of 78397?
True
Does 6 divide 150?
True
Does 7 divide 7047?
False
Is 10455 a multiple of 15?
True
Is 3 a factor of 336?
True
Does 16 divide 1923?
False
Does 4 divide 136?
True
Is 100 a multiple of 20?
True
Is 5820 a multiple of 4?
True
Is 113 a factor of 4070?
False
Is 1155 a multiple of 77?
True
Is 47446 a multiple of 182?
False
Is 47 a factor of 14787?
False
Is 15553 a multiple of 2?
False
Is 35508 a multiple of 22?
True
Is 660 a multiple of 12?
True
Is 336 a multiple of 48?
True
Is 11 a factor of 484?
True
Is 1184 a multiple of 9?
False
Does 56 divide 2658?
False
Is 9 a factor of 3249?
True
Is 17 a factor of 5303?
False
Does 8 divide 824?
True
Is 379 a factor of 50028?
True
Is 14550 a multiple of 43?
False
Is 19 a factor of 7688?
False
Is 9534 a multiple of 18?
False
Is 20 a factor of 27290?
False
Is 28 a factor of 6664?
True
Does 10 divide 2008?
False
Does 26 divide 4212?
True
Is 8 a factor of 2189?
False
Is 1067 a multiple of 97?
True
Is 605 a multiple of 4?
False
Is 13 a factor of 2015?
True
Does 13 divide 2184?
True
Does 82 divide 28170?
False
Does 4 divide 325?
False
Does 87 divide 3741?
True
Does 22 divide 3828?
True
Is 16380 a multiple of 234?
True
Is 35957 a multiple of 21?
False
Does 43 divide 1676?
False
Is 76 a factor of 1140?
True
Does 30 divide 56657?
False
Does 7 divide 2170?
True
Is 21489 a multiple of 57?
True
Does 5 divide 455?
True
Is 61 a factor of 2221?
False
Is 364 a multiple of 13?
True
Is 2 a factor of 151?
False
Does 13 divide 429?
True
Is 60 a factor of 4680?
True
Does 19 divide 287?
False
Is 6 a factor of 4014?
True
Is 10 a factor of 6815?
False
Is 14110 a multiple of 227?
False
Does 102 divide 7655?
False
Is 9 a factor of 7902?
True
Does 65 divide 715?
True
Is 38 a factor of 2973?
False
Is 5808 a multiple of 11?
True
Is 26400 a multiple of 25?
True
Is 42 a factor of 630?
True
Is 53 a factor of 1521?
False
Does 130 divide 124280?
True
Is 60 a factor of 69635?
False
Is 50 a multiple of 25?
True
Is 1080 a multiple of 40?
True
Does 12 divide 936?
True
Is 1848 a multiple of 132?
True
Is 9773 a multiple of 44?
False
Does 191 divide 66659?
True
Does 285 divide 13110?
True
Is 27 a factor of 46737?
True
Is 6328 a multiple of 4?
True
Is 1598 a multiple of 69?
False
Does 92 divide 153?
False
Does 16 divide 2424?
False
Is 39 a factor of 604?
False
Is 2244 a multiple of 44?
True
Is 825 a multiple of 6?
False
Is 3736 a multiple of 8?
True
Is 6313 a multiple of 2?
False
Is 54 a factor of 1836?
True
Is 9 a factor of 17436?
False
Is 136 a factor of 5032?
True
Does 15 divide 118?
False
Is 46 a factor of 32190?
False
Is 28 a factor of 2688?
True
Is 6950 a multiple of 139?
True
Does 8 divide 4592?
True
Is 3151 a multiple of 15?
False
Is 756 a multiple of 42?
True
Is 13 a factor of 5603?
True
Is 61440 a multiple of 16?
True
Is 14 a factor of 2030?
True
Is 36 a multiple of 7?
False
Is 225 a factor of 15300?
True
Does 100 divide 19900?
True
Is 4134 a multiple of 78?
True
Does 69 divide 2140?
False
Is 22080 a multiple of 10?
True
Is 73848 a multiple of 98?
False
Is 11 a factor of 1738?
True
Does 25 divide 6276?
False
Does 9 divide 1125?
True
Does 31 divide 2195?
False
Does 44 divide 1106?
False
Does 30 divide 956?
False
Does 24 divide 12296?
False
Is 26 a factor of 1182?
False
Is 3 a factor of 9167?
False
Does 41 divide 41?
True
Does 3 divide 713?
False
Is 8 a factor of 513?
False
Is 5916 a multiple of 204?
True
Is 118 a factor of 1165?
False
Is 3780 a multiple of 14?
True
Does 93 divide 141081?
True
Is 44 a multiple of 16?
False
Does 93 divide 2232?
True
Is 12 a factor of 2774?
False
Is 130 a factor of 9031?
False
Does 28 divide 34468?
True
Is 11 a factor of 165?
True
Is 1067 a multiple of 43?
False
Is 37 a factor of 76?
False
Does 36 divide 78084?
True
Is 8 a factor of 784?
True
Is 765 a multiple of 93?
False
Does 3 divide 10430?
False
Is 38 a factor of 1748?
True
Is 21 a factor of 34167?
True
Is 42 a multiple of 10?
False
Does 22 divide 6556?
True
Is 400 a multiple of 8?
True
Is 66 a factor of 1980?
True
Is 44 a factor of 222?
False
Is 32560 a multiple of 22?
True
Is 2824 a multiple of 8?
True
Does 6 divide 17319?
False
Is 18 a factor of 2782?
False
Does 12 divide 1180?
False
Does 87 divide 783?
True
Is 29 a factor of 26042?
True
Is 252 a multiple of 14?
True
Is 10528 a multiple of 5?
False
Does 107 divide 26001?
True
Is 21 a factor of 303?
False
Does 12 divide 624?
True
Does 8 divide 23248?
True
Does 17 divide 1581?
True
Does 9 divide 2178?
True
Is 13 a factor of 1222?
True
Does 349 divide 14969?
False
Is 18672 a multiple of 24?
True
Is 40 a factor of 26670?
False
Is 190 a factor of 109440?
True
Is 85 a factor of 2890?
True
Does 187 divide 144341?
False
Is 15 a factor of 2461?
False
Is 25228 a multiple of 238?
True
Does 8 divide 994?
False
Does 58 divide 51093?
False
Is 1